{"id":8472,"date":"2016-12-28T22:08:44","date_gmt":"2016-12-28T22:08:44","guid":{"rendered":"https:\/\/dinsani.rs\/main\/?page_id=8472"},"modified":"2022-11-07T09:32:47","modified_gmt":"2022-11-07T09:32:47","slug":"sirca","status":"publish","type":"page","link":"https:\/\/dinsani.rs\/main\/sirca\/","title":{"rendered":"Sir\u0107a"},"content":{"rendered":"<section class=\"l-section wpb_row height_full with_img\"><div class=\"l-section-img\" style=\"background-image: url(https:\/\/dinsani.rs\/main\/wp-content\/uploads\/2016\/12\/sircapozz.jpg);\" data-img-width=\"5184\" data-img-height=\"3456\"><\/div><div class=\"l-section-h i-cf\"><div class=\"g-cols offset_small\"><div class=\" one-half animate_afb d3\"><div class=\"w-image  align_center animate_fade d5\"><img loading=\"lazy\" decoding=\"async\" width=\"1200\" height=\"1200\" src=\"https:\/\/dinsani.rs\/main\/wp-content\/uploads\/2016\/12\/bigs12.png\" class=\"attachment-full size-full\" alt=\"\" srcset=\"https:\/\/dinsani.rs\/main\/wp-content\/uploads\/2016\/12\/bigs12.png 1200w, https:\/\/dinsani.rs\/main\/wp-content\/uploads\/2016\/12\/bigs12-150x150.png 150w, https:\/\/dinsani.rs\/main\/wp-content\/uploads\/2016\/12\/bigs12-300x300.png 300w, https:\/\/dinsani.rs\/main\/wp-content\/uploads\/2016\/12\/bigs12-768x768.png 768w, https:\/\/dinsani.rs\/main\/wp-content\/uploads\/2016\/12\/bigs12-1024x1024.png 1024w, https:\/\/dinsani.rs\/main\/wp-content\/uploads\/2016\/12\/bigs12-350x350.png 350w, https:\/\/dinsani.rs\/main\/wp-content\/uploads\/2016\/12\/bigs12-600x600.png 600w\" sizes=\"auto, (max-width: 1200px) 100vw, 1200px\" \/><\/div><\/div><div class=\" one-half animate_afb d5\"><div class=\"w-separator type_invisible size_medium thick_1 style_solid color_border cont_none\"><span class=\"w-separator-h\"><\/span><\/div><div class=\"w-image  animate_afr d5\"><img loading=\"lazy\" decoding=\"async\" width=\"341\" height=\"81\" src=\"https:\/\/dinsani.rs\/main\/wp-content\/uploads\/2016\/12\/bigs13.png\" class=\"attachment-full size-full\" alt=\"\" srcset=\"https:\/\/dinsani.rs\/main\/wp-content\/uploads\/2016\/12\/bigs13.png 341w, https:\/\/dinsani.rs\/main\/wp-content\/uploads\/2016\/12\/bigs13-300x71.png 300w\" sizes=\"auto, (max-width: 341px) 100vw, 341px\" \/><\/div><div class=\"wpb_text_column \"><div class=\"wpb_wrapper\"><div class=\"cl-popup align_left\"><a href=\"javascript:void(0)\" class=\"cl-popup-trigger type_btn cl-btn\" style=\"color:#ffffff;background-color:#09b5e5;\"><span>Sir\u0107a 5L<\/span><\/a><div class=\"cl-popup-overlay\" style=\"background-color:rgba(0,162,226,0.75);\"><\/div><div class=\"cl-popup-wrap\"><div class=\"cl-popup-box size_s animation_flipVer\"><div class=\"cl-popup-box-h\"><div class=\"cl-popup-box-content\" style=\"color:#333333;background-color:#ffffff;\">\n<div class=\"w-gallery layout_default cols_1 link_media\"><div class=\"w-gallery-list\"><a class=\"w-gallery-item order_1\" href=\"https:\/\/dinsani.rs\/main\/wp-content\/uploads\/2016\/12\/Salato-5l.jpeg\" title=\"Salato-5l\"><img loading=\"lazy\" decoding=\"async\" width=\"426\" height=\"600\" src=\"https:\/\/dinsani.rs\/main\/wp-content\/uploads\/2016\/12\/Salato-5l-426x600.jpeg\" class=\"w-gallery-item-img\" alt=\"\" srcset=\"https:\/\/dinsani.rs\/main\/wp-content\/uploads\/2016\/12\/Salato-5l.jpeg 426w, https:\/\/dinsani.rs\/main\/wp-content\/uploads\/2016\/12\/Salato-5l-213x300.jpeg 213w\" sizes=\"auto, (max-width: 426px) 100vw, 426px\" \/><span class=\"w-gallery-item-hover\"><\/span><span class=\"w-gallery-item-title\">Salato-5l<\/span><\/a><\/div><\/div>\n\n<\/div><div class=\"cl-popup-box-closer\"><\/div><\/div><\/div><div class=\"cl-popup-closer\"><\/div><\/div><\/div><\/div> <\/div> <div class=\"wpb_text_column \"><div class=\"wpb_wrapper\"><div class=\"cl-popup align_left\"><a href=\"javascript:void(0)\" class=\"cl-popup-trigger type_btn cl-btn\" style=\"color:#ffffff;background-color:#09b5e5;\"><span>Sir\u0107a 3L<\/span><\/a><div class=\"cl-popup-overlay\" style=\"background-color:rgba(0,162,226,0.75);\"><\/div><div class=\"cl-popup-wrap\"><div class=\"cl-popup-box size_s animation_flipVer\"><div class=\"cl-popup-box-h\"><div class=\"cl-popup-box-content\" style=\"color:#333333;background-color:#ffffff;\">\n<div class=\"w-gallery layout_default cols_1 link_media\"><div class=\"w-gallery-list\"><a class=\"w-gallery-item order_1\" href=\"https:\/\/dinsani.rs\/main\/wp-content\/uploads\/2016\/12\/Salato-3l.jpeg\" title=\"Salato-3l\"><img loading=\"lazy\" decoding=\"async\" width=\"400\" height=\"600\" src=\"https:\/\/dinsani.rs\/main\/wp-content\/uploads\/2016\/12\/Salato-3l-400x600.jpeg\" class=\"w-gallery-item-img\" alt=\"\" srcset=\"https:\/\/dinsani.rs\/main\/wp-content\/uploads\/2016\/12\/Salato-3l.jpeg 400w, https:\/\/dinsani.rs\/main\/wp-content\/uploads\/2016\/12\/Salato-3l-200x300.jpeg 200w\" sizes=\"auto, (max-width: 400px) 100vw, 400px\" \/><span class=\"w-gallery-item-hover\"><\/span><span class=\"w-gallery-item-title\">Salato-3l<\/span><\/a><\/div><\/div>\n\n<\/div><div class=\"cl-popup-box-closer\"><\/div><\/div><\/div><div class=\"cl-popup-closer\"><\/div><\/div><\/div><\/div> <\/div> <div class=\"wpb_text_column \"><div class=\"wpb_wrapper\"><div class=\"cl-popup align_left\"><a href=\"javascript:void(0)\" class=\"cl-popup-trigger type_btn cl-btn\" style=\"color:#ffffff;background-color:#09b5e5;\"><span>Dodatak jelima i sir\u0107a 1L<\/span><\/a><div class=\"cl-popup-overlay\" style=\"background-color:rgba(0,162,226,0.75);\"><\/div><div class=\"cl-popup-wrap\"><div class=\"cl-popup-box size_m animation_flipVer\"><div class=\"cl-popup-box-h\"><div class=\"cl-popup-box-content\" style=\"color:#333333;background-color:#ffffff;\">\n<div class=\"w-gallery layout_default cols_3 link_media\"><div class=\"w-gallery-list\"><a class=\"w-gallery-item order_1\" href=\"https:\/\/dinsani.rs\/main\/wp-content\/uploads\/2016\/12\/OCATINO1.jpeg\" title=\"OCATINO1\"><img loading=\"lazy\" decoding=\"async\" width=\"387\" height=\"564\" src=\"https:\/\/dinsani.rs\/main\/wp-content\/uploads\/2016\/12\/OCATINO1.jpeg\" class=\"w-gallery-item-img\" alt=\"\" srcset=\"https:\/\/dinsani.rs\/main\/wp-content\/uploads\/2016\/12\/OCATINO1.jpeg 387w, https:\/\/dinsani.rs\/main\/wp-content\/uploads\/2016\/12\/OCATINO1-206x300.jpeg 206w\" sizes=\"auto, (max-width: 387px) 100vw, 387px\" \/><span class=\"w-gallery-item-hover\"><\/span><span class=\"w-gallery-item-title\">OCATINO1<\/span><\/a><a class=\"w-gallery-item order_2\" href=\"https:\/\/dinsani.rs\/main\/wp-content\/uploads\/2022\/11\/Salato-1l.jpeg\" title=\"Salato-1l\"><img loading=\"lazy\" decoding=\"async\" width=\"426\" height=\"600\" src=\"https:\/\/dinsani.rs\/main\/wp-content\/uploads\/2022\/11\/Salato-1l.jpeg\" class=\"w-gallery-item-img\" alt=\"\" srcset=\"https:\/\/dinsani.rs\/main\/wp-content\/uploads\/2022\/11\/Salato-1l.jpeg 426w, https:\/\/dinsani.rs\/main\/wp-content\/uploads\/2022\/11\/Salato-1l-284x400.jpeg 284w, https:\/\/dinsani.rs\/main\/wp-content\/uploads\/2022\/11\/Salato-1l-250x352.jpeg 250w\" sizes=\"auto, (max-width: 426px) 100vw, 426px\" \/><span class=\"w-gallery-item-hover\"><\/span><span class=\"w-gallery-item-title\">Salato-1l<\/span><\/a><a class=\"w-gallery-item order_3\" href=\"https:\/\/dinsani.rs\/main\/wp-content\/uploads\/2022\/11\/Salato-1l-novo-1.jpg\" title=\"Salato-1l novo\"><img loading=\"lazy\" decoding=\"async\" width=\"426\" height=\"600\" src=\"https:\/\/dinsani.rs\/main\/wp-content\/uploads\/2022\/11\/Salato-1l-novo-1.jpg\" class=\"w-gallery-item-img\" alt=\"\" srcset=\"https:\/\/dinsani.rs\/main\/wp-content\/uploads\/2022\/11\/Salato-1l-novo-1.jpg 426w, https:\/\/dinsani.rs\/main\/wp-content\/uploads\/2022\/11\/Salato-1l-novo-1-284x400.jpg 284w, https:\/\/dinsani.rs\/main\/wp-content\/uploads\/2022\/11\/Salato-1l-novo-1-250x352.jpg 250w\" sizes=\"auto, (max-width: 426px) 100vw, 426px\" \/><span class=\"w-gallery-item-hover\"><\/span><span class=\"w-gallery-item-title\">Salato-1l novo<\/span><\/a><\/div><\/div>\n\n<\/div><div class=\"cl-popup-box-closer\"><\/div><\/div><\/div><div class=\"cl-popup-closer\"><\/div><\/div><\/div><\/div> <\/div> <\/div><\/div><\/div><\/section>\n","protected":false},"excerpt":{"rendered":"Sir\u0107a 5L Salato-5l Sir\u0107a 3L Salato-3l Dodatak jelima i sir\u0107a 1L OCATINO1Salato-1lSalato-1l novo","protected":false},"author":1,"featured_media":0,"parent":0,"menu_order":0,"comment_status":"closed","ping_status":"closed","template":"","meta":{"footnotes":""},"class_list":["post-8472","page","type-page","status-publish","hentry"],"_links":{"self":[{"href":"https:\/\/dinsani.rs\/main\/wp-json\/wp\/v2\/pages\/8472","targetHints":{"allow":["GET"]}}],"collection":[{"href":"https:\/\/dinsani.rs\/main\/wp-json\/wp\/v2\/pages"}],"about":[{"href":"https:\/\/dinsani.rs\/main\/wp-json\/wp\/v2\/types\/page"}],"author":[{"embeddable":true,"href":"https:\/\/dinsani.rs\/main\/wp-json\/wp\/v2\/users\/1"}],"replies":[{"embeddable":true,"href":"https:\/\/dinsani.rs\/main\/wp-json\/wp\/v2\/comments?post=8472"}],"version-history":[{"count":2,"href":"https:\/\/dinsani.rs\/main\/wp-json\/wp\/v2\/pages\/8472\/revisions"}],"predecessor-version":[{"id":9480,"href":"https:\/\/dinsani.rs\/main\/wp-json\/wp\/v2\/pages\/8472\/revisions\/9480"}],"wp:attachment":[{"href":"https:\/\/dinsani.rs\/main\/wp-json\/wp\/v2\/media?parent=8472"}],"curies":[{"name":"wp","href":"https:\/\/api.w.org\/{rel}","templated":true}]}}